9253
List the prime factors of 160668845.
5, 19, 29, 2011
List the prime factors of 3217820671.
13, 41, 139, 257
What are the prime factors of 445371280?
2, 5, 5567141
What are the prime factors of 18172062?
2, 3, 1009559
List the prime factors of 1872975589.
547, 607, 5641
List the prime factors of 2968488050.
2, 5, 11, 5397251
List the prime factors of 105651427.
7, 127, 118843
List the prime factors of 4268911840.
2, 5, 2237, 11927
List the prime factors of 18463375.
5, 7, 21101
List the prime factors of 1869036147.
3, 11, 971, 6481
What are the prime factors of 165866217?
3, 11, 97, 51817
List the prime factors of 5621003.
37, 43, 3533
What are the prime factors of 100453159?
100453159
List the prime factors of 1813471069.
12043, 150583
What are the prime factors of 2159869932?
2, 3, 11, 5454217
List the prime factors of 287186856.
2, 3, 11, 1087829
What are the prime factors of 37488503?
13, 29, 99439
What are the prime factors of 194418940?
2, 5, 101, 109, 883
What are the prime factors of 351569998?
2, 13, 41, 329803
What are the prime factors of 1808622943?
1117, 1619179
List the prime factors of 559719715.
5, 3917, 28579
What are the prime factors of 824064153?
3, 11, 24971641
List the prime factors of 5142363652.
2, 18313, 70201
What are the prime factors of 468204642?
2, 3, 4349, 5981
List the prime factors of 988880467.
4783, 206749
What are the prime factors of 1115961551?
37, 30161123
What are the prime factors of 734258025?
3, 5, 53, 67, 919
List the prime factors of 593614874.
2, 17, 653, 26737
List the prime factors of 143722470.
2, 3, 5, 4790749
What are the prime factors of 134960748?
2, 3, 13, 109, 7937
List the prime factors of 2612773724.
2, 11, 17, 3493013
What are the prime factors of 269977086?
2, 3, 37, 109, 3719
What are the prime factors of 27225856?
2, 7, 15193
What are the prime factors of 155943357?
3, 109, 476891
What are the prime factors of 76040363?
7, 41, 264949
What are the prime factors of 20979163?
83, 252761
What are the prime factors of 2368223768?
2, 631, 469141
What are the prime factors of 77366237?
13, 1433, 4153
List the prime factors of 696890973.
3, 883, 263077
What are the prime factors of 213443767?
173, 1233779
What are the prime factors of 800086384?
2, 50005399
List the prime factors of 361694927.
11, 32881357
What are the prime factors of 778804486?
2, 4721, 82483
What are the prime factors of 39706311?
3, 163, 81199
What are the prime factors of 165813288?
2, 3, 6908887
What are the prime factors of 6099006494?
2, 7, 10723, 40627
What are the prime factors of 209095045?
5, 269, 155461
List the prime factors of 10992435.
3, 5, 732829
List the prime factors of 533082846.
2, 3, 1489, 59669
List the prime factors of 1937189579.
13, 199, 748817
What are the prime factors of 333761312?
2, 37, 281893
What are the prime factors of 71629755?
3, 5, 17, 257, 1093
What are the prime factors of 22525038?
2, 3, 83, 15077
What are the prime factors of 47518582?
2, 19, 37, 33797
List the prime factors of 1347659945.
5, 269531989
List the prime factors of 4285460490.
2, 3, 5, 5227, 27329
What are the prime factors of 342148373?
7, 157, 433, 719
What are the prime factors of 816573739?
3329, 245291
List the prime factors of 20898266.
2, 37, 282409
List the prime factors of 53009189.
1697, 31237
List the prime factors of 11332309.
11332309
What are the prime factors of 190527363?
3, 13, 271, 2003
List the prime factors of 50723933.
13, 3901841
What are the prime factors of 6088151?
19, 59, 5431
List the prime factors of 113126634.
2, 3, 461, 13633
What are the prime factors of 1647714557?
7603, 216719
List the prime factors of 74503227.
3, 24834409
List the prime factors of 3662118879.
3, 599, 911, 2237
List the prime factors of 148137450.
2, 3, 5, 419, 2357
What are the prime factors of 304773795?
3, 5, 6772751
What are the prime factors of 4284113951?
13, 17, 43, 450817
What are the prime factors of 1309581464?
2, 59, 67, 41411
List the prime factors of 184535669.
5701, 32369
What are the prime factors of 279565867?
7, 17, 19, 61, 2027
List the prime factors of 950671620.
2, 3, 5, 17, 29, 3571
List the prime factors of 168146425.
5, 193, 34849
What are the prime factors of 102367802?
2, 23, 2225387
List the prime factors of 34118655.
3, 5, 113, 20129
List the prime factors of 349794816.
2, 3, 7, 32533
What are the prime factors of 63130643?
63130643
List the prime factors of 3837398469.
3, 1279132823
List the prime factors of 33953464.
2, 4244183
List the prime factors of 10579063.
11, 961733
What are the prime factors of 328392166?
2, 599, 274117
List the prime factors of 1376925140.
2, 5, 31, 41, 54167
List the prime factors of 2851212678.
2, 3, 241, 443, 4451
List the prime factors of 26441426.
2, 11, 17, 19, 61
List the prime factors of 664747479.
3, 11, 746069
List the prime factors of 599791050.
2, 3, 5, 19, 29, 41, 59
List the prime factors of 47172269.
19, 277, 8963
List the prime factors of 1303243503.
3, 23, 31, 609277
List the prime factors of 20603388.
2, 3, 13, 17, 457
What are the prime factors of 603389502?
2, 3, 43, 779573
List the prime factors of 6144314839.
13, 1531, 308713
What are the prime factors of 95189958?
2, 3, 1762777
List the prime factors of 535927148.
2, 19, 7051673
List the prime factors of 2576720861.
11, 13, 1386079
What are the prime factors of 190372853?
11, 1039, 16657
What are the prime factors of 293458961?
43, 523, 13049
List the prime factors of 499038752.
2, 167, 93383
List the prime factors of 1087794392.
2, 43, 419, 7547
List the prime factors of 113312594.
2, 56656297
List the prime factors of 258425428.
2, 59, 1095023
What are the prime factors of 222616545?
3, 5, 67, 221509
List the prime factors of 16306337.
61, 267317
What are the prime factors of 2038065086?
2, 4391, 232073
List the prime factors of 147148651.
13, 17, 811, 821
What are the prime factors of 22853445?
3, 5, 1523563
List the prime factors of 51269989.
907, 56527
List the prime factors of 47237704.
2, 661, 8933
List the prime factors of 62552528.
2, 3909533
What are the prime factors of 37182146?
2, 227, 81899
List the prime factors of 1380787092.
2, 3, 29, 1322593
What are the prime factors of 113410079?
23, 4930873
List the prime factors of 496067246.
2, 248033623
List the prime factors of 213730497.
3, 23747833
List the prime factors of 424662805.
5, 7, 17, 29, 24611
List the prime factors of 289550453.
107, 2706079
What are the prime factors of 265234129?
19, 13959691
List the prime factors of 93242798.
2, 11, 4238309
List the prime factors of 196162605.
3, 5, 4359169
What are the prime factors of 1709641860?
2, 3, 5, 1667, 17093
What are the prime factors of 75079069?
13, 47, 103, 1193
What are the prime factors of 119244299?
119244299
What are the prime factors of 41561011?
41561011
List the prime factors of 29089999.
151, 383, 503
What are the prime factors of 522325845?
3, 5, 1931, 6011
What are the prime factors of 310060409?
41, 7562449
List the prime factors of 90379558.
2, 23, 1964773
List the prime factors of 565653209.
11, 2003, 25673
What are the prime factors of 1688094326?
2, 844047163
What are the prime factors of 24486906?
2, 3, 47, 71, 1223
List the prime factors of 529517901.
3, 11, 1458727
List the prime factors of 58302777.
3, 13, 1494943
List the prime factors of 410824150.
2, 5, 11, 29, 43, 599
What are the prime factors of 7550475?
3, 5, 100673
What are the prime factors of 1008171040?
2, 5, 6301069
List the prime factors of 364046311.
364046311
What are the prime factors of 2306479769?
11, 173, 1212023
What are the prime factors of 3532884?
2, 3, 31, 9497
List the prime factors of 2576318160.
2, 3, 5, 13, 47, 17569
List the prime factors of 91551600.
2, 3, 5, 7, 173
List the prime factors of 4247615.
5, 849523
What are the prime factors of 5448259647?
3, 769, 787207
What are the prime factors of 420430839?
3, 47, 2981779
What are the prime factors of 69810511?
29, 59, 40801
What are the prime factors of 1929309290?
2, 5, 673, 286673
List the prime factors of 2317982923.
2317982923
List the prime factors of 463046023.
11, 1601, 26293
What are the prime factors of 244112986?
2, 13, 367, 25583
List the prime factors of 4206142687.
23, 29, 6306061
List the prime fact